 Let m be y(-5). Let c = m - -29. Let h(x) = -31*x + 1. What is the remainder when h(-1) is divided by c?
10
Suppose -g + 22 = 5*h, 0*g - 4*h = -3*g - 10. Let v(m) = m**2 - 5*m - 8. Let f be v(7). What is the remainder when 7 is divided by 7/g - (-3)/f?
3
Suppose 0 = -2*n - t - 3*t + 42, 5*n = 4*t + 133. Calculate the remainder when 47 is divided by n.
22
Let o be (-2)/5 + (-96)/10. Calculate the remainder when (-216)/(-10) + o/(-25) is divided by 12.
10
Let r be (-20)/(-8)*(-8)/(-10). Calculate the remainder when 21 is divided by (15 - 5) + 2/r.
10
Let w(i) = -3*i + 4. Calculate the remainder when w(-9) is divided by ((-48)/(-15))/(2/5).
7
Suppose 3*o + 4*q = 4, 4*q - 4 = 3*o - 4*o. Suppose -3*f + 38 + 4 = o. Suppose -7 = 2*v - 59. What is the remainder when v is divided by f?
12
Let g = -17 - -8. Let y = g + 29. Calculate the remainder when y is divided by 8.
4
Let y = -8 + 2. Let h = -4 - y. Suppose 3*g = -2*g - 4*v, -4*g - 2*v = -6. Calculate the remainder when g is divided by h.
0
Suppose 4 - 3 = l. What is the remainder when (1 - l) + 29 + 0 is divided by 10?
9
Let v(h) = -h**3 + 12*h**2 + 15. What is the remainder when 42 is divided by v(12)?
12
Suppose 4*b = -5*v + 153, -4*v = -2*v + 4*b - 66. What is the remainder when v is divided by 10?
9
Suppose 3*y + 3*k - 5*k - 14 = 0, 3*k = 2*y - 11. What is the remainder when 14 is divided by y?
2
Let y = -6 + 32. Let f = 329 - -183. What is the remainder when y is divided by 4/(-18) - f/(-36)?
12
Suppose 32 - 8 = r + 2*w, -1 = r - 3*w. Suppose 5*l = -2*f + 33, -2 = -l + f - 1. What is the remainder when r is divided by l?
4
Let l = 94 + 34. Calculate the remainder when l is divided by 33.
29
Let v = 2 + 9. Let g = -10 + v. What is the remainder when 1 is divided by g?
0
Let i = -33 - -47. What is the remainder when 40 is divided by (-6)/(-21) + 192/i?
12
Suppose 0 = u - 2*o - 5, 4*u - 13 = 5*o + 4. Suppose -3*r + 222 = u*r. Let w(q) = -q**2 + 9*q. Calculate the remainder when r is divided by w(5).
17
Let y = -94 + 167. Calculate the remainder when y is divided by 19.
16
Let a(t) = 2*t**2 - 10*t - 3. Calculate the remainder when a(7) is divided by 13.
12
Suppose -6*y + 4*y + 64 = 2*d, 0 = -d - 2. Let c be ((-6)/9)/((-1)/6). Suppose -s = -c*v - y, v = 4*s - v - 108. What is the remainder when s is divided by 9?
8
Let c be (2 - (-3)/(-2))*(-19 + 19). Suppose j = 4*j - 15. Suppose 4*x + j = 5*i, c = -5*x - 0*i + 5*i. What is the remainder when x is divided by 2?
1
Suppose 0 = 5*w + 2*p - 127, 0 = 5*w + 3*p - 7*p - 121. What is the remainder when 98 is divided by w?
23
Suppose 2 = x - 15. Suppose 65*k + 670 = 75*k. What is the remainder when k is divided by x?
16
Suppose -2*k = s - 31, 4*k = -4*s + 5*k + 106. What is the remainder when s is divided by 13?
1
Let y = 5 + 0. Let n be (-66)/(-8)*48/(-18). Calculate the remainder when y is divided by (-2)/(-11) + (-62)/n.
2
Suppose 10*o - 767 + 257 = 0. Calculate the remainder when o is divided by 18.
15
Suppose -3*h - 5 = 22. Let s = 40 + -15. What is the remainder when s is divided by (h/4)/(4/(-16))?
7
Suppose -66 = 2*c + 44. Calculate the remainder when 122 is divided by 339/11 - 10/c.
29
Let m = -4 - -4. Suppose 0 = -4*r - m*r. Suppose -u = -2*z - 0*u + 22, -u + 4 = r. Calculate the remainder when 38 is divided by z.
12
Suppose 3*g = 3*k - 48, 0 = 3*k + 2*g + 2*g - 34. Let z = -2 - -1. Let m = 4 - z. What is the remainder when k is divided by m?
4
Let t(i) = i**3 - 2*i**2 - 2*i + 2. Calculate the remainder when (1 + -4)/(12/(-56)) is divided by t(3).
4
Let z(u) = -u**3 - 6*u**2 + 8*u + 5. Let a be z(-7). Let c = a + 4. Calculate the remainder when 6 is divided by c.
0
Suppose -2*k + 7*k - 15 = 0. Let w = k - -1. Calculate the remainder when 5 is divided by w.
1
Let r(v) = -v**2 - 14*v + 4. Let g(w) = w**3 + 5*w**2 + 3*w - 4. Calculate the remainder when g(-3) is divided by r(-14).
1
Let k(w) = w**3 - 9*w**2 + 2*w - 2. Let a(z) = z**2 - 11*z + 9. Let y be a(11). Let r be 2/9 - (-79)/y. Calculate the remainder when 29 is divided by k(r).
13
Let y = 0 - -6. What is the remainder when 22 is divided by y?
4
Let f(x) be the third derivative of 11*x**4/24 + x**3/3 + x**2. Let y be f(3). Let o = -22 + y. Calculate the remainder when 37 is divided by o.
11
Let b = 11 + 12. Suppose 0 = -5*a + 4*a + 12. Calculate the remainder when b is divided by a.
11
Let u = 5 - 2. What is the remainder when 56/9 - 6/27 is divided by u?
0
Suppose -5*u + 6 = -4. Suppose -5*y + 25 - 1 = -3*q, -5*q = -4*y + 27. Suppose -u*s = y*s - 235. Calculate the remainder when s is divided by 16.
15
Suppose -3*l = -0*l - 6. Let s be 0 + 26*2/l. Suppose 0 = 4*a - 3*a - s. Calculate the remainder when a is divided by 9.
8
Let b = 18 + -1. Suppose -4*n = 3*q - 147, -4*n - 5*q = -179 + 22. What is the remainder when n is divided by b?
16
Suppose -3*y = 34 - 130. What is the remainder when y is divided by 9?
5
Suppose 4*v - 18 = 2*v. Let i(n) = -n - 1. Let j be i(-4). Suppose -7 = -2*d + j. What is the remainder when v is divided by d?
4
Let z(n) = n - 2. Let v be z(2). Suppose v = q - 2 - 1. Suppose 0*s = q*s - 12. Calculate the remainder when 10 is divided by s.
2
Let n = 13 + -19. Suppose -4 = 2*g, -7*p + 2*p - g = -8. What is the remainder when p/n - (-188)/6 is divided by 16?
15
Let p be -1 - (-3 + 2)*-17. Calculate the remainder when (-310)/p - (-4)/(-18) is divided by 10.
7
Let n = -71 + 97. What is the remainder when n is divided by 9?
8
Suppose -4*o = g - 13, 4*g + 3*o - 75 + 23 = 0. Suppose -g - 31 = -2*v. Calculate the remainder when 348/v + 4/22 is divided by 9.
7
Suppose -5*z - 5*k - 5 = 0, 2*z + 4*k - 3*k = -6. Let p = z + -5. Let m = p - -22. What is the remainder when 22 is divided by m?
10
Let r = -10 + 25. Suppose k = 4*k - r. Calculate the remainder when 28 is divided by (k - -5)/(2 + -1).
8
Let a be -22 + -1 - (-2 - -4). Let s = a + 50. What is the remainder when s is divided by 13?
12
Suppose 0 = 3*m + x + 5, -4*x - 25 = 5*m + x. Let u = -21 - m. Calculate the remainder when 22 is divided by 2/(-6) + (-259)/u.
10
Suppose 5*m + 0*m - 4*s = 72, -3*m - s + 50 = 0. Let a = 1 - 1. Suppose -t - t + 94 = a. What is the remainder when t is divided by m?
15
Suppose -5*f = -25 - 40. Calculate the remainder when (1 - -1)/((-8)/(-100)) is divided by f.
12
Suppose -3*a + 15 - 3 = 0. Suppose 0 = a*m - 73 - 15. Calculate the remainder when m is divided by (6/(-4))/((-3)/16).
6
Let n(p) = 5*p**2 + 2*p - 9. What is the remainder when n(-5) is divided by 36?
34
Suppose 4*f + 89 = 5*f. Calculate the remainder when f is divided by 18.
17
Suppose -4*l = 4*i - 12, -l = 3*i - 1 - 16. Suppose 4*d - 9 - i = 0. Suppose 8 = 2*k + n, k - n + 6 = n. Calculate the remainder when d is divided by k.
0
Suppose 12 + 4 = 4*d. Suppose -85 = -d*r + 3*w - 2, -4*r + 63 = w. Suppose 0 = -3*b + 2*u + 37, b - 52 + r = -5*u. What is the remainder when b is divided by 8?
7
Let v = 11 - -10. What is the remainder when 102 is divided by v?
18
Let j(v) be the second derivative of v**5/4 - v**4/4 + v**3/6 - v**2/2 - v. Let t = -190 + 200. What is the remainder when j(2) is divided by t?
9
Suppose -4*a - 62 = -5*i - 0*i, -4*i - 2*a + 60 = 0. Calculate the remainder when 25 is divided by i.
11
Let v(i) = -7*i. Suppose -3*g - 10 = -34. Calculate the remainder when v(-3) is divided by g.
5
Let i(v) = -v**2 + 7*v - 5. Calculate the remainder when 10 is divided by i(5).
0
Let y = -28 - -41. Calculate the remainder when y is divided by (-1)/(3/(-21)) + 0.
6
Let w(g) = -g + 6. Calculate the remainder when 51 is divided by w(-7).
12
Let i(u) = 4*u. Let k be i(3). Suppose 28 = c - k. Suppose -4*x = x - c. Calculate the remainder when 23 is divided by x.
7
Suppose 4*h = 5*m + 32, 5*h + 5*m - 4*m = 11. Suppose 9 = f - 0. What is the remainder when f is divided by h?
0
Let f be (3*1)/((-2)/(-2)). Suppose 0*l + 4*l + 3*j - 191 = 0, 0 = -2*l - f*j + 91. What is the remainder when l is divided by 17?
16
Let t = 33 - -56. What is the remainder when t is divided by 45?
44
Let t = 22 + -42. Let f be 412/t + (-3)/(-5). Let h = f + 36. Calculate the remainder when h is divided by 6.
4
Suppose 6*s = 5*w + s - 25, -w - 1 = -4*s. Calculate the remainder when w is divided by 2.
1
Let x be (-3)/((-2)/(-2)) - 0. Let d(t) = t**2 - 4. Calcula